{"id":419,"date":"2021-06-20T20:03:59","date_gmt":"2021-06-20T18:03:59","guid":{"rendered":"https:\/\/fablabdudon.bzh\/?page_id=419"},"modified":"2022-05-17T16:28:57","modified_gmt":"2022-05-17T14:28:57","slug":"partenaires","status":"publish","type":"page","link":"https:\/\/fablabdudon.bzh\/index.php\/partenaires\/","title":{"rendered":"Partenaires"},"content":{"rendered":"\n<p><strong>Le FabLab est entour\u00e9 de partenaires de divers horizons et vous trouverez ci-dessous leur contact :<\/strong><\/p>\n\n\n\n<p><\/p>\n\n\n\n<ul><li><strong><a href=\"https:\/\/www.lombrics-utopiques.fr\">Les Lombrics Utopiques<\/a><\/strong> &#8211; Cultures collectives, relocaliser la production et la consommation et venir en aide aux personnes les plus touch\u00e9es par les destructions des habitats et des \u00e9cosyst\u00e8mes de par le monde.<\/li><\/ul>\n\n\n\n<figure class=\"wp-block-image size-large is-resized\"><img decoding=\"async\" src=\"https:\/\/fablabdudon.bzh\/wp-content\/uploads\/2021\/09\/bandeauV2-1536x268-1-edited.png\" alt=\"\" class=\"wp-image-633\" width=\"500\" srcset=\"https:\/\/fablabdudon.bzh\/wp-content\/uploads\/2021\/09\/bandeauV2-1536x268-1-edited.png 430w, https:\/\/fablabdudon.bzh\/wp-content\/uploads\/2021\/09\/bandeauV2-1536x268-1-edited-300x187.png 300w\" sizes=\"(max-width: 430px) 100vw, 430px\" \/><\/figure>\n\n\n\n<ul><li><strong><a href=\"https:\/\/www.instagram.com\/octarine.aquarelle\/?hl=fr\">Octarine<\/a><\/strong> &#8211;  Fabrication d&rsquo;aquarelles artisanales de qualit\u00e9<\/li><\/ul>\n\n\n\n<p><\/p>\n\n\n\n<ul><li><strong><a href=\"http:\/\/tpn44.fr\">Le TPN &#8211; Le Th\u00e9\u00e2tre Populaire Nantais<\/a><\/strong> <\/li><\/ul>\n\n\n\n<p><\/p>\n\n\n\n<ul><li><a href=\"https:\/\/la-lionne-a-plumes.jimdosite.com\"><strong>La Lionne \u00e0 Plume&nbsp;<\/strong> <\/a>&#8211; Cie de Th\u00e9\u00e2tre<\/li><\/ul>\n\n\n\n<figure class=\"wp-block-image size-large is-resized is-style-default\"><img decoding=\"async\" src=\"https:\/\/fablabdudon.bzh\/wp-content\/uploads\/2021\/06\/LaLionneaPlumes.png\" alt=\"\" class=\"wp-image-599\" width=\"610\" srcset=\"https:\/\/fablabdudon.bzh\/wp-content\/uploads\/2021\/06\/LaLionneaPlumes.png 712w, https:\/\/fablabdudon.bzh\/wp-content\/uploads\/2021\/06\/LaLionneaPlumes-300x155.png 300w\" sizes=\"(max-width: 712px) 100vw, 712px\" \/><\/figure>\n\n\n\n<ul><li><a href=\"https:\/\/recycledon.wordpress.com\"><strong>La Recyclerie de Conquereuil<\/strong>  <strong>44<\/strong><\/a><strong>044<\/strong><\/li><\/ul>\n\n\n\n<p><\/p>\n\n\n\n<ul><li><strong>La Maison des services<a href=\"https:\/\/www.cc-chateaubriant-derval.fr\/espace-services\/vie-pratique\/services-publics\/\"> <\/a>publics de Derval\u00a044051<\/strong><\/li><\/ul>\n\n\n\n<p><\/p>\n\n\n\n<ul><li><strong><a href=\"https:\/\/aseptpdl.fr\">L&rsquo;ASEPT  Association de Sant\u00e9<\/a> d\u2019\u00c9ducation et de Pr\u00e9vention des Territoires<\/strong> Loire Atlantique (Ateliers num\u00e9riques \u00e0 destination des s\u00e9niors au FabLab) pour en savoir plus sur les ateliers num\u00e9riques c&rsquo;est<strong><a href=\"https:\/\/fablabdudon.bzh\/index.php\/les-ateliers-numeriques\/\"> ici<\/a><a href=\"http:\/\/les-ateliers-numeriques\">.<\/a><\/strong><\/li><\/ul>\n\n\n\n<figure class=\"wp-block-image size-full\"><img decoding=\"async\" loading=\"lazy\" width=\"200\" height=\"77\" src=\"https:\/\/fablabdudon.bzh\/wp-content\/uploads\/2021\/09\/logo-asept-pdl2001.png\" alt=\"\" class=\"wp-image-684\"\/><\/figure>\n\n\n\n<div class=\"wp-block-group is-layout-flow wp-block-group-is-layout-flow\">\n<ul><li><strong>Le Lyc\u00e9e Saint-Clair de Blain-D<a href=\"https:\/\/www.lyceesaintclair.fr\" target=\"_blank\" rel=\"noreferrer noopener\" title=\"erval\">erval<\/a> <\/strong>  Agricultures et services<\/li><\/ul>\n\n\n\n<figure class=\"wp-block-image size-full\"><img decoding=\"async\" loading=\"lazy\" width=\"250\" height=\"88\" src=\"https:\/\/fablabdudon.bzh\/wp-content\/uploads\/2022\/01\/LOGO_INITIAL_LyceeSaintClair_2018_SMALL.png\" alt=\"\" class=\"wp-image-741\"\/><\/figure>\n<\/div>\n\n\n\n<ul><li><strong><a href=\"https:\/\/osonsicietmaintenant.org\" target=\"_blank\" rel=\"noreferrer noopener\" title=\"Association Osons ici et maintenant ! \">Association Osons ici et maintenant ! <\/a><\/strong> Service-civiques<\/li><\/ul>\n\n\n\n<figure class=\"wp-block-image size-full\"><img decoding=\"async\" loading=\"lazy\" width=\"160\" height=\"125\" src=\"https:\/\/fablabdudon.bzh\/wp-content\/uploads\/2022\/01\/oim-logo-xs.png\" alt=\"\" class=\"wp-image-743\"\/><\/figure>\n","protected":false},"excerpt":{"rendered":"<p>Le FabLab est entour\u00e9 de partenaires de divers horizons et vous trouverez ci-dessous leur contact : Les Lombrics Utopiques &#8211; Cultures collectives, relocaliser la production et la consommation et venir en aide aux personnes les plus touch\u00e9es par les destructions des habitats et des \u00e9cosyst\u00e8mes de par le monde. Octarine &#8211; Fabrication d&rsquo;aquarelles artisanales de [&hellip;]<\/p>\n","protected":false},"author":3,"featured_media":0,"parent":0,"menu_order":0,"comment_status":"closed","ping_status":"closed","template":"","meta":{"_monsterinsights_skip_tracking":false,"_monsterinsights_sitenote_active":false,"_monsterinsights_sitenote_note":"","_monsterinsights_sitenote_category":0,"site-sidebar-layout":"default","site-content-layout":"default","ast-site-content-layout":"default","site-content-style":"default","site-sidebar-style":"default","ast-global-header-display":"","ast-banner-title-visibility":"","ast-main-header-display":"","ast-hfb-above-header-display":"","ast-hfb-below-header-display":"","ast-hfb-mobile-header-display":"","site-post-title":"","ast-breadcrumbs-content":"","ast-featured-img":"","footer-sml-layout":"","ast-disable-related-posts":"","theme-transparent-header-meta":"default","adv-header-id-meta":"","stick-header-meta":"","header-above-stick-meta":"","header-main-stick-meta":"","header-below-stick-meta":"","astra-migrate-meta-layouts":"default","ast-page-background-enabled":"default","ast-page-background-meta":{"desktop":{"background-color":"","background-image":"","background-repeat":"repeat","background-position":"center center","background-size":"auto","background-attachment":"scroll","background-type":"","background-media":"","overlay-type":"","overlay-color":"","overlay-opacity":"","overlay-gradient":""},"tablet":{"background-color":"","background-image":"","background-repeat":"repeat","background-position":"center center","background-size":"auto","background-attachment":"scroll","background-type":"","background-media":"","overlay-type":"","overlay-color":"","overlay-opacity":"","overlay-gradient":""},"mobile":{"background-color":"","background-image":"","background-repeat":"repeat","background-position":"center center","background-size":"auto","background-attachment":"scroll","background-type":"","background-media":"","overlay-type":"","overlay-color":"","overlay-opacity":"","overlay-gradient":""}},"ast-content-background-meta":{"desktop":{"background-color":"var(--ast-global-color-5)","background-image":"","background-repeat":"repeat","background-position":"center center","background-size":"auto","background-attachment":"scroll","background-type":"","background-media":"","overlay-type":"","overlay-color":"","overlay-opacity":"","overlay-gradient":""},"tablet":{"background-color":"var(--ast-global-color-5)","background-image":"","background-repeat":"repeat","background-position":"center center","background-size":"auto","background-attachment":"scroll","background-type":"","background-media":"","overlay-type":"","overlay-color":"","overlay-opacity":"","overlay-gradient":""},"mobile":{"background-color":"var(--ast-global-color-5)","background-image":"","background-repeat":"repeat","background-position":"center center","background-size":"auto","background-attachment":"scroll","background-type":"","background-media":"","overlay-type":"","overlay-color":"","overlay-opacity":"","overlay-gradient":""}},"footnotes":""},"aioseo_notices":[],"_links":{"self":[{"href":"https:\/\/fablabdudon.bzh\/index.php\/wp-json\/wp\/v2\/pages\/419"}],"collection":[{"href":"https:\/\/fablabdudon.bzh\/index.php\/wp-json\/wp\/v2\/pages"}],"about":[{"href":"https:\/\/fablabdudon.bzh\/index.php\/wp-json\/wp\/v2\/types\/page"}],"author":[{"embeddable":true,"href":"https:\/\/fablabdudon.bzh\/index.php\/wp-json\/wp\/v2\/users\/3"}],"replies":[{"embeddable":true,"href":"https:\/\/fablabdudon.bzh\/index.php\/wp-json\/wp\/v2\/comments?post=419"}],"version-history":[{"count":18,"href":"https:\/\/fablabdudon.bzh\/index.php\/wp-json\/wp\/v2\/pages\/419\/revisions"}],"predecessor-version":[{"id":827,"href":"https:\/\/fablabdudon.bzh\/index.php\/wp-json\/wp\/v2\/pages\/419\/revisions\/827"}],"wp:attachment":[{"href":"https:\/\/fablabdudon.bzh\/index.php\/wp-json\/wp\/v2\/media?parent=419"}],"curies":[{"name":"wp","href":"https:\/\/api.w.org\/{rel}","templated":true}]}}